{"id":10086,"date":"2019-09-17T19:50:59","date_gmt":"2019-09-17T19:50:59","guid":{"rendered":"http:\/\/schach-jedesheim.de\/?page_id=10086"},"modified":"2026-03-18T13:02:36","modified_gmt":"2026-03-18T12:02:36","slug":"jugend","status":"publish","type":"page","link":"https:\/\/schach-jedesheim.de\/?page_id=10086","title":{"rendered":"Jugendschach"},"content":{"rendered":"<p>Die Abteilung Schach des SV Jedesheim ist einer der gr\u00f6\u00dften und aktivsten Schachklubs im Schachbezirk Oberschwaben.<\/p>\n<h1 class=\"page-title\">Jugendschach<img loading=\"lazy\" decoding=\"async\" class=\"alignright size-medium wp-image-17609\" src=\"https:\/\/schach-jedesheim.de\/wp-content\/uploads\/2023\/09\/thumb_Adler-300x291.jpg\" alt=\"\" width=\"300\" height=\"291\" srcset=\"https:\/\/schach-jedesheim.de\/wp-content\/uploads\/2023\/09\/thumb_Adler-300x291.jpg 300w, https:\/\/schach-jedesheim.de\/wp-content\/uploads\/2023\/09\/thumb_Adler-320x310.jpg 320w, https:\/\/schach-jedesheim.de\/wp-content\/uploads\/2023\/09\/thumb_Adler.jpg 361w\" sizes=\"auto, (max-width: 300px) 100vw, 300px\" \/><\/h1>\n<p>Adler-Geb\u00e4ude Illertissen<br \/>\nHauptstr. 2<br \/>\n89257 Illertissen<\/p>\n<p><strong>Jugend: <\/strong>Freitag, 17.00 &#8211; 19.30 Uhr (Anf\u00e4nger und Fortgeschrittene)<\/p>\n","protected":false},"excerpt":{"rendered":"<p>Die Abteilung Schach des SV Jedesheim ist einer der gr\u00f6\u00dften und aktivsten Schachklubs im Schachbezirk Oberschwaben. Jugendschach Adler-Geb\u00e4ude Illertissen Hauptstr. 2 89257 Illertissen Jugend: Freitag, 17.00 &#8211; 19.30 Uhr (Anf\u00e4nger und Fortgeschrittene)<\/p>\n","protected":false},"author":1,"featured_media":0,"parent":0,"menu_order":10,"comment_status":"closed","ping_status":"closed","template":"","meta":{"_price":"","_stock":"","_tribe_ticket_header":"","_tribe_default_ticket_provider":"","_tribe_ticket_capacity":"0","_ticket_start_date":"","_ticket_end_date":"","_tribe_ticket_show_description":"","_tribe_ticket_show_not_going":false,"_tribe_ticket_use_global_stock":"","_tribe_ticket_global_stock_level":"","_global_stock_mode":"","_global_stock_cap":"","_tribe_rsvp_for_event":"","_tribe_ticket_going_count":"","_tribe_ticket_not_going_count":"","_tribe_tickets_list":"[]","_tribe_ticket_has_attendee_info_fields":false,"footnotes":"","_tec_slr_enabled":"","_tec_slr_layout":""},"class_list":["post-10086","page","type-page","status-publish","hentry"],"ticketed":false,"_links":{"self":[{"href":"https:\/\/schach-jedesheim.de\/index.php?rest_route=\/wp\/v2\/pages\/10086","targetHints":{"allow":["GET"]}}],"collection":[{"href":"https:\/\/schach-jedesheim.de\/index.php?rest_route=\/wp\/v2\/pages"}],"about":[{"href":"https:\/\/schach-jedesheim.de\/index.php?rest_route=\/wp\/v2\/types\/page"}],"author":[{"embeddable":true,"href":"https:\/\/schach-jedesheim.de\/index.php?rest_route=\/wp\/v2\/users\/1"}],"replies":[{"embeddable":true,"href":"https:\/\/schach-jedesheim.de\/index.php?rest_route=%2Fwp%2Fv2%2Fcomments&post=10086"}],"version-history":[{"count":4,"href":"https:\/\/schach-jedesheim.de\/index.php?rest_route=\/wp\/v2\/pages\/10086\/revisions"}],"predecessor-version":[{"id":19197,"href":"https:\/\/schach-jedesheim.de\/index.php?rest_route=\/wp\/v2\/pages\/10086\/revisions\/19197"}],"wp:attachment":[{"href":"https:\/\/schach-jedesheim.de\/index.php?rest_route=%2Fwp%2Fv2%2Fmedia&parent=10086"}],"curies":[{"name":"wp","href":"https:\/\/api.w.org\/{rel}","templated":true}]}}