{"id":8277,"date":"2018-05-24T14:04:25","date_gmt":"2018-05-24T14:04:25","guid":{"rendered":"http:\/\/schach-jedesheim.de\/?page_id=8277"},"modified":"2018-05-24T14:10:09","modified_gmt":"2018-05-24T14:10:09","slug":"datenschutzerklaerung","status":"publish","type":"page","link":"https:\/\/schach-jedesheim.de\/?page_id=8277","title":{"rendered":"Datenschutzerkl\u00e4rung"},"content":{"rendered":"<p><strong>Datenschutzerkl\u00e4rung f\u00fcr Besucher dieser Webseite<\/strong><\/p>\n<p>Diese Erkl\u00e4rung beschreibt, wie wir (SV Jedesheim, Abteilung Schach, vertreten durch:<br \/>\nBernhard Jehle, Von-Th\u00fcrheim-Str. 72, 89264 Weissenhorn) Ihre personenbezogenen Daten verarbeiten.<\/p>\n<p><em>Aus Gr\u00fcnden der Lesbarkeit wird auf der Website darauf verzichtet, geschlechtsspezifische Formulierungen zu verwenden. Soweit personenbezogene Bezeichnungen nur in m\u00e4nnlicher Form angef\u00fchrt sind, beziehen sie sich auf M\u00e4nner und Frauen in gleicher Weise&#8220;.<\/p>\n<p><\/em>Die Erkl\u00e4rung richtet sich an alle Besucher dieser Webseite sowie Personen, deren personenbezogenen Daten wir im Rahmen dieser Webseite anzeigen, wie: Spieler, Funktion\u00e4re (Bund, Land, Vereine), Organisatoren, Schiedsrichter, Trainer, \u2026<br \/>\n<strong><br \/>\n1 Zweck der Datenverarbeitung und damit verbundene personenbezogene Daten<\/strong><br \/>\nPersonenbezogene Daten sind alle Informationen, die sich auf eine identifizierte oder identifizierbare nat\u00fcrliche Person (im Folgenden \u201ebetroffene Person\u201c) beziehen.<\/p>\n<ul>\n<li>Zweck dieser Webseite ist es, \u00fcber Turniere und Geschehen im Schach zu berichten. Dies entspricht dem satzungsgem\u00e4\u00dfen Zweck des SV Jedesheim auf Wahrung, Verbreitung und F\u00f6rderung des Schachsports. Auf dieser Webseite werden daher an personenbezogenen Daten insbesondere Namen, Ergebnisse und Bilddaten gespeichert und angezeigt.<\/li>\n<li>Der Besuch unserer Internetseiten selbst ist grunds\u00e4tzlich ohne jede Angabe personenbezogener Daten m\u00f6glich<br \/>\nBetroffene Personen im Sinne der DSGVO sind identifizierte oder identifizierbare nat\u00fcrliche Personen, deren personenbezogene Daten von dem f\u00fcr die Verarbeitung Verantwortlichen verarbeitet werden. Im Rahmen dieser Webseite sind dies dem Zweck entsprechend Spieler, Organisatoren, Trainer, Schiedsrichter und Funktion\u00e4re. Weitere betroffene Personen sind die Besucher dieser Webseite, insoweit wir personenbezogene Daten zur Auswertung der Besucherfrequenz der Webseite verwenden.<\/li>\n<\/ul>\n<p><strong>2 Rechtsgrundlagen der Verarbeitung<br \/>\n<\/strong>Wir verarbeiten die personenbezogenen Daten der Betroffenen auf der Grundlage unseres \u00fcberwiegenden berechtigten Interesses, die unter Punkt 1 genannten Zwecke zu erreichen (Art. 6 Abs. 1 lit. f DSGVO).<\/p>\n<p><strong>3 \u00dcbermittlung Ihrer personenbezogenen Daten<br \/>\n<\/strong>Soweit dies zu den unter Punkt 1 genannten Zwecken zwingend erforderlich ist, werden wir Ihre personenbezogenen Daten an folgende Empf\u00e4nger \u00fcbermitteln:<br \/>\n\u2022 von uns eingesetzte IT-Dienstleister.<br \/>\n\u2022 Anzeige der Informationen dieser Seite auf unserer Kontaktseite auf Facebook.<br \/>\n\u2022 sonstige Dienstleister im Zuge der Auswertung der Besucherfrequenz.<\/p>\n<p><strong>4 Speicherdauer<br \/>\n<\/strong>Wir speichern die mit den Sportveranstaltungen verbundenen personenbezogenen Daten grunds\u00e4tzlich dauerhaft im Archiv, um unseren Aufgaben im Sinne von Punkt 1 nachkommen zu k\u00f6nnen. Soweit Sie Besucher der Webseite sind, speichern wir Ihre personenbezogenen Daten f\u00fcr die Zwecke des Marketings bis zu Ihrem Widerspruch oder dem Widerruf Ihrer Einwilligung, soweit die Marketingma\u00dfnahme auf Grundlage Ihrer Einwilligung erfolgt.<\/p>\n<p><strong>5 Ihre Rechte im Zusammenhang mit personenbezogenen Daten<br \/>\n<\/strong>Betroffene Personen sind unter anderem berechtigt (i) zu \u00fcberpr\u00fcfen, ob und welche personenbezogenen Daten wir \u00fcber sie verarbeiten und Kopien dieser Daten zu erhalten, (ii) die Berichtigung, Erg\u00e4nzung, oder L\u00f6schung ihrer personenbezogenen Daten zu verlangen, soweit diese falsch sind oder nicht rechtskonform verarbeitet werden, (iii) von uns zu verlangen, die Verarbeitung ihrer personenbezogenen Daten einzuschr\u00e4nken, (iv) unter bestimmten Umst\u00e4nden der Verarbeitung ihrer personenbezogenen Daten zu widersprechen oder die f\u00fcr die Verarbeitung zuvor gegebene Einwilligung zu widerrufen, wobei ein Widerruf die Rechtsm\u00e4\u00dfigkeit der vor dem Widerruf erfolgten Verarbeitung nicht ber\u00fchrt, (v) Daten\u00fcbertragbarkeit zu verlangen (vi) die Identit\u00e4t von Dritten, an welche Ihre personenbezogenen Daten \u00fcbermittelt werden, zu kennen und (vii) bei der Datenschutzbeh\u00f6rde Beschwerde zu erheben.<\/p>\n<p><strong>6 Datenschutzbestimmungen zu Einsatz und Verwendung von Facebook<\/strong><strong><br \/>\n<\/strong>Betreibergesellschaft von Facebook ist die Facebook, Inc., 1 Hacker Way, Menlo Park, CA 94025, USA. F\u00fcr die Verarbeitung personenbezogener Daten Verantwortlicher ist, wenn eine betroffene Person au\u00dferhalb der USA oder Kanada lebt, die Facebook Ireland Ltd., 4 Grand Canal Square, Grand Canal Harbour, Dublin 2, Ireland.<\/p>\n<p>Sofern die betroffene Person gleichzeitig bei Facebook eingeloggt ist, erkennt Facebook mit jedem Aufruf der gegenst\u00e4ndlichen Webseite durch die betroffene Person, welche konkrete Unterseite unserer Internetseite die betroffene Person besucht. Diese Informationen werden durch die Facebook-Komponente gesammelt und durch Facebook dem jeweiligen Facebook-Account der betroffenen Person zugeordnet. Bet\u00e4tigt die betroffene Person einen der auf unserer Internetseite integrierten Facebook-Buttons, beispielsweise den \u201eGef\u00e4llt mir\u201c-Button, oder gibt die betroffene Person einen Kommentar ab, ordnet Facebook diese Information dem pers\u00f6nlichen Facebook-Benutzerkonto der betroffenen Person zu und speichert diese personenbezogenen Daten.<\/p>\n<p>Die von Facebook ver\u00f6ffentlichte Datenrichtlinie, die unter <a href=\"https:\/\/de-de.facebook.com\/about\/privacy\/\">https:\/\/de-de.facebook.com\/about\/privacy\/<\/a> abrufbar ist, gibt Aufschluss \u00fcber die Erhebung, Verarbeitung und Nutzung personenbezogener Daten durch Facebook. Ferner wird dort erl\u00e4utert, welche Einstellungsm\u00f6glichkeiten Facebook zum Schutz der Privatsph\u00e4re der betroffenen Person bietet.<\/p>\n<p><strong>8 Unsere Kontaktdaten <\/strong><br \/>\nSollten Sie zu dieser Erkl\u00e4rung Fragen haben oder Antr\u00e4ge stellen wollen, wenden Sie sich bitte an:<\/p>\n<p>Sportverein Jedesheim 1921 e. V. \u2013 Abtl. Schach<br \/>\nBernhard Jehle (Abteilungsleiter)<br \/>\nVon-Th\u00fcrheim-Str. 72<br \/>\n89264 Weissenhorn<\/p>\n","protected":false},"excerpt":{"rendered":"<p>Datenschutzerkl\u00e4rung f\u00fcr Besucher dieser Webseite Diese Erkl\u00e4rung beschreibt, wie wir (SV Jedesheim, Abteilung Schach, vertreten durch: Bernhard Jehle, Von-Th\u00fcrheim-Str. 72, 89264 Weissenhorn) Ihre personenbezogenen Daten verarbeiten. Aus Gr\u00fcnden der Lesbarkeit wird auf der Website&#46;&#46;&#46;<\/p>\n","protected":false},"author":1,"featured_media":0,"parent":0,"menu_order":0,"comment_status":"closed","ping_status":"closed","template":"","meta":{"_price":"","_stock":"","_tribe_ticket_header":"","_tribe_default_ticket_provider":"","_tribe_ticket_capacity":"0","_ticket_start_date":"","_ticket_end_date":"","_tribe_ticket_show_description":"","_tribe_ticket_show_not_going":false,"_tribe_ticket_use_global_stock":"","_tribe_ticket_global_stock_level":"","_global_stock_mode":"","_global_stock_cap":"","_tribe_rsvp_for_event":"","_tribe_ticket_going_count":"","_tribe_ticket_not_going_count":"","_tribe_tickets_list":"[]","_tribe_ticket_has_attendee_info_fields":false,"footnotes":"","_tec_slr_enabled":"","_tec_slr_layout":""},"class_list":["post-8277","page","type-page","status-publish","hentry"],"ticketed":false,"_links":{"self":[{"href":"https:\/\/schach-jedesheim.de\/index.php?rest_route=\/wp\/v2\/pages\/8277","targetHints":{"allow":["GET"]}}],"collection":[{"href":"https:\/\/schach-jedesheim.de\/index.php?rest_route=\/wp\/v2\/pages"}],"about":[{"href":"https:\/\/schach-jedesheim.de\/index.php?rest_route=\/wp\/v2\/types\/page"}],"author":[{"embeddable":true,"href":"https:\/\/schach-jedesheim.de\/index.php?rest_route=\/wp\/v2\/users\/1"}],"replies":[{"embeddable":true,"href":"https:\/\/schach-jedesheim.de\/index.php?rest_route=%2Fwp%2Fv2%2Fcomments&post=8277"}],"version-history":[{"count":3,"href":"https:\/\/schach-jedesheim.de\/index.php?rest_route=\/wp\/v2\/pages\/8277\/revisions"}],"predecessor-version":[{"id":8281,"href":"https:\/\/schach-jedesheim.de\/index.php?rest_route=\/wp\/v2\/pages\/8277\/revisions\/8281"}],"wp:attachment":[{"href":"https:\/\/schach-jedesheim.de\/index.php?rest_route=%2Fwp%2Fv2%2Fmedia&parent=8277"}],"curies":[{"name":"wp","href":"https:\/\/api.w.org\/{rel}","templated":true}]}}

Datenschutzerklärung

<p><strong>Datenschutzerklärung für Besucher dieser Webseite</strong></p>
<p>Diese Erklärung beschreibt, wie wir (SV Jedesheim, Abteilung Schach, vertreten durch:<br />
Bernhard Jehle, Von-Thürheim-Str. 72, 89264 Weissenhorn) Ihre personenbezogenen Daten verarbeiten.</p>
<p><em>Aus Gründen der Lesbarkeit wird auf der Website darauf verzichtet, geschlechtsspezifische Formulierungen zu verwenden. Soweit personenbezogene Bezeichnungen nur in männlicher Form angeführt sind, beziehen sie sich auf Männer und Frauen in gleicher Weise&#8220;.</p>
<p></em>Die Erklärung richtet sich an alle Besucher dieser Webseite sowie Personen, deren personenbezogenen Daten wir im Rahmen dieser Webseite anzeigen, wie: Spieler, Funktionäre (Bund, Land, Vereine), Organisatoren, Schiedsrichter, Trainer, …<br />
<strong><br />
1 Zweck der Datenverarbeitung und damit verbundene personenbezogene Daten</strong><br />
Personenbezogene Daten sind alle Informationen, die sich auf eine identifizierte oder identifizierbare natürliche Person (im Folgenden „betroffene Person“) beziehen.</p>
<ul>
<li>Zweck dieser Webseite ist es, über Turniere und Geschehen im Schach zu berichten. Dies entspricht dem satzungsgemäßen Zweck des SV Jedesheim auf Wahrung, Verbreitung und Förderung des Schachsports. Auf dieser Webseite werden daher an personenbezogenen Daten insbesondere Namen, Ergebnisse und Bilddaten gespeichert und angezeigt.</li>
<li>Der Besuch unserer Internetseiten selbst ist grundsätzlich ohne jede Angabe personenbezogener Daten möglich<br />
Betroffene Personen im Sinne der DSGVO sind identifizierte oder identifizierbare natürliche Personen, deren personenbezogene Daten von dem für die Verarbeitung Verantwortlichen verarbeitet werden. Im Rahmen dieser Webseite sind dies dem Zweck entsprechend Spieler, Organisatoren, Trainer, Schiedsrichter und Funktionäre. Weitere betroffene Personen sind die Besucher dieser Webseite, insoweit wir personenbezogene Daten zur Auswertung der Besucherfrequenz der Webseite verwenden.</li>
</ul>
<p><strong>2 Rechtsgrundlagen der Verarbeitung<br />
</strong>Wir verarbeiten die personenbezogenen Daten der Betroffenen auf der Grundlage unseres überwiegenden berechtigten Interesses, die unter Punkt 1 genannten Zwecke zu erreichen (Art. 6 Abs. 1 lit. f DSGVO).</p>
<p><strong>3 Übermittlung Ihrer personenbezogenen Daten<br />
</strong>Soweit dies zu den unter Punkt 1 genannten Zwecken zwingend erforderlich ist, werden wir Ihre personenbezogenen Daten an folgende Empfänger übermitteln:<br />
• von uns eingesetzte IT-Dienstleister.<br />
• Anzeige der Informationen dieser Seite auf unserer Kontaktseite auf Facebook.<br />
• sonstige Dienstleister im Zuge der Auswertung der Besucherfrequenz.</p>
<p><strong>4 Speicherdauer<br />
</strong>Wir speichern die mit den Sportveranstaltungen verbundenen personenbezogenen Daten grundsätzlich dauerhaft im Archiv, um unseren Aufgaben im Sinne von Punkt 1 nachkommen zu können. Soweit Sie Besucher der Webseite sind, speichern wir Ihre personenbezogenen Daten für die Zwecke des Marketings bis zu Ihrem Widerspruch oder dem Widerruf Ihrer Einwilligung, soweit die Marketingmaßnahme auf Grundlage Ihrer Einwilligung erfolgt.</p>
<p><strong>5 Ihre Rechte im Zusammenhang mit personenbezogenen Daten<br />
</strong>Betroffene Personen sind unter anderem berechtigt (i) zu überprüfen, ob und welche personenbezogenen Daten wir über sie verarbeiten und Kopien dieser Daten zu erhalten, (ii) die Berichtigung, Ergänzung, oder Löschung ihrer personenbezogenen Daten zu verlangen, soweit diese falsch sind oder nicht rechtskonform verarbeitet werden, (iii) von uns zu verlangen, die Verarbeitung ihrer personenbezogenen Daten einzuschränken, (iv) unter bestimmten Umständen der Verarbeitung ihrer personenbezogenen Daten zu widersprechen oder die für die Verarbeitung zuvor gegebene Einwilligung zu widerrufen, wobei ein Widerruf die Rechtsmäßigkeit der vor dem Widerruf erfolgten Verarbeitung nicht berührt, (v) Datenübertragbarkeit zu verlangen (vi) die Identität von Dritten, an welche Ihre personenbezogenen Daten übermittelt werden, zu kennen und (vii) bei der Datenschutzbehörde Beschwerde zu erheben.</p>
<p><strong>6 Datenschutzbestimmungen zu Einsatz und Verwendung von Facebook</strong><strong><br />
</strong>Betreibergesellschaft von Facebook ist die Facebook, Inc., 1 Hacker Way, Menlo Park, CA 94025, USA. Für die Verarbeitung personenbezogener Daten Verantwortlicher ist, wenn eine betroffene Person außerhalb der USA oder Kanada lebt, die Facebook Ireland Ltd., 4 Grand Canal Square, Grand Canal Harbour, Dublin 2, Ireland.</p>
<p>Sofern die betroffene Person gleichzeitig bei Facebook eingeloggt ist, erkennt Facebook mit jedem Aufruf der gegenständlichen Webseite durch die betroffene Person, welche konkrete Unterseite unserer Internetseite die betroffene Person besucht. Diese Informationen werden durch die Facebook-Komponente gesammelt und durch Facebook dem jeweiligen Facebook-Account der betroffenen Person zugeordnet. Betätigt die betroffene Person einen der auf unserer Internetseite integrierten Facebook-Buttons, beispielsweise den „Gefällt mir“-Button, oder gibt die betroffene Person einen Kommentar ab, ordnet Facebook diese Information dem persönlichen Facebook-Benutzerkonto der betroffenen Person zu und speichert diese personenbezogenen Daten.</p>
<p>Die von Facebook veröffentlichte Datenrichtlinie, die unter <a href="https://de-de.facebook.com/about/privacy/">https://de-de.facebook.com/about/privacy/</a> abrufbar ist, gibt Aufschluss über die Erhebung, Verarbeitung und Nutzung personenbezogener Daten durch Facebook. Ferner wird dort erläutert, welche Einstellungsmöglichkeiten Facebook zum Schutz der Privatsphäre der betroffenen Person bietet.</p>
<p><strong>8 Unsere Kontaktdaten </strong><br />
Sollten Sie zu dieser Erklärung Fragen haben oder Anträge stellen wollen, wenden Sie sich bitte an:</p>
<p>Sportverein Jedesheim 1921 e. V. – Abtl. Schach<br />
Bernhard Jehle (Abteilungsleiter)<br />
Von-Thürheim-Str. 72<br />
89264 Weissenhorn</p>

<p>Datenschutzerklärung für Besucher dieser Webseite Diese Erklärung beschreibt, wie wir (SV Jedesheim, Abteilung Schach, vertreten durch: Bernhard Jehle, Von-Thürheim-Str. 72, 89264 Weissenhorn) Ihre personenbezogenen Daten verarbeiten. Aus Gründen der Lesbarkeit wird auf der Website&#46;&#46;&#46;</p>
